ed by d.
20
What is the remainder when 620 is divided by (-32)/8 + -1 - -216?
198
What is the remainder when 290 is divided by (-44)/66*66*28/(-16)?
59
Let o = -6898 - -7580. Calculate the remainder when o is divided by 227.
1
Suppose -7*q - q = 28*q - 6840. Calculate the remainder when q is divided by 39.
34
Suppose 34*m - 40 = 29*m. Suppose 0 = -i + 4*u + 15, -3*i + 52 = 3*u - m*u. Calculate the remainder when 170 is divided by i.
18
Suppose 19*j + 1491 = 94*j - 2034. Calculate the remainder when 14803 is divided by j.
45
Suppose 1487*r = 1625*r - 52138 - 51362. What is the remainder when 1500 is divided by r?
0
Suppose 0 = -38*k + 5*k. Let o(r) = r**2 + 4. Let f be o(3). Suppose f*c - 3*c - 2030 = k. Calculate the remainder when c is divided by 34.
33
Let f(s) = -29*s - 73. Let g be f(-5). Suppose -3*r = 3*b - g, -6*b = 3*r - 9*b - 54. What is the remainder when 230 is divided by r?
20
Suppose 42*i - 66 = 56*i - 1886. Calculate the remainder when 403 is divided by i.
13
Suppose -5*v - 180 = -5*f, -5*f - 26*v = -25*v - 162. What is the remainder when 673 is divided by f?
13
Suppose -2*v - 4*b + 80 = 0, 24*v - 2*b = 27*v - 104. Suppose 6*g = 3*g + 54. What is the remainder when v is divided by g?
14
Suppose 4*t + 2254 - 752 = m, 3*m + 2*t - 4408 = 0. Calculate the remainder when 2956 is divided by m.
8
Let z = 8765 + -8532. Calculate the remainder when 1369 is divided by z.
204
Let w(s) = -s**3 + 37*s**2 + 38*s + 53. What is the remainder when w(38) is divided by (-2)/(2*4) + 924/48?
15
Suppose 12*n + 127110 = n + 125*n. What is the remainder when n is divided by 22?
15
Suppose 115 = -888*z + 893*z. Calculate the remainder when 343 is divided by z.
21
Suppose -280*b + 500*b = 219780. Calculate the remainder when b is divided by 158.
51
Suppose 7*y - y - 126 = 0. Let j = 4 + -2. Suppose 2*k = 4*f - k - 47, j*k = 3*f - 34. What is the remainder when y is divided by f?
5
Suppose -79*d - 525 = -94*d. Calculate the remainder when 526 is divided by d.
1
Suppose 353*d + 344*d - 692*d = 180. Suppose -p + 79 = -62. Calculate the remainder when p is divided by d.
33
Let d(m) = m**3 + 8*m**2 - 12*m - 5. Let k = -19 - -10. Let n = 287 - 203. What is the remainder when n is divided by d(k)?
18
Let k = -2 + -44. Let t(m) = 2*m**3 + 21*m**2 - 13*m - 26. Let s be t(-11). Calculate the remainder when 90 is divided by s/6*k/(-4)*-3.
21
Suppose -52 - 167 = -2*i - 5*k, 4*k = 2*i - 210. Suppose -f + 16 = -i. Calculate the remainder when f is divided by 21.
18
Suppose -17*c - 45 = -22*c. Let w(m) = -m**3 + 16*m**2 - 12*m - 17. Let r be w(15). Let t = 5 + r. Calculate the remainder when t is divided by c.
6
Let n = 490 - 495. What is the remainder when 365 is divided by (-1 - (n - -6))*(4 + -12)?
13
Let a = 55 - 53. Suppose 14*o = 11*o. Suppose a*h + 5*c - 52 = o, -4*h + 2*c - 24 = -5*h. Calculate the remainder when 46 is divided by h.
14
Suppose 3*i - 3*n - 9 = 0, -4*i - 28*n = -27*n - 22. Suppose -50 = i*j - 495. What is the remainder when j is divided by 80?
9
Let z(b) = 9*b + 8. Let g be z(18). Suppose 2*y + 0*y = -3*n + g, -200 = -4*n + 4*y. Suppose -9*a + n = -7*a. Calculate the remainder when a is divided by 5.
2
Let d(k) = -k**3 - 78*k**2 - 7*k - 481. Calculate the remainder when 373 is divided by d(-78).
48
Suppose 4*w - 14944 - 8899 = -s, -5*w + 29791 = -3*s. What is the remainder when 2/3 + w/15 is divided by 21?
20
Suppose -2*y = -0*y - 60. Let h(r) = r**3 + 8*r**2 + 2*r + 14. Let z be h(-7). Let a = z - y. What is the remainder when a is divided by 10?
9
Let q = 885 + -878. Suppose f + 222 = q*f. What is the remainder when 441 is divided by f?
34
Let a be -11*3/(-165) - 8/(-10). What is the remainder when a*(258/3 - -5) is divided by 51?
40
Suppose 0*k + 4*k - 4*j = -72, k + 4*j - 7 = 0. Let h = 58 + k. What is the remainder when 219 is divided by h?
39
Suppose 5*k = -14 - 16, -154 = -4*m + 9*k. What is the remainder when 206 is divided by m?
6
Let f(k) = 13*k**3 + k**2 - k. Let d(h) = h**2 + 17*h - 592. Calculate the remainder when d(-35) is divided by f(1).
12
Suppose -96*y = -95*y - 15. Let s be ((-3)/12)/(1/(-12)). Suppose -53 = 4*b + l - 268, 15 = -s*l. What is the remainder when b is divided by y?
10
Let j = -470 - -480. Suppose -3 = -11*d + j*d. Suppose 3*n = 6*n - 12. What is the remainder when n is divided by d?
1
Let j = 30 - 23. Suppose -j*u = -18*u + 44. Suppose c + 10 = u*w, 0*w = 5*c + 5*w - 25. Calculate the remainder when 23 is divided by c.
1
Suppose 0 = -0*q + 4*q + 284 - 364. Calculate the remainder when 997 is divided by q.
17
Let y = -184 + -117. Let a = y + 309. What is the remainder when (-190)/(-4)*(-8)/(-10) is divided by a?
6
Suppose 10*i + 1 = 6*i + 3*a, -2*i = a - 7. Suppose i*y = 4*j - 66 - 20, 0 = y + 3. Let r(z) = -39*z - 3. Calculate the remainder when r(-2) is divided by j.
15
Calculate the remainder when 650 is divided by (10*-1 + 37 + -31)/((-12)/27).
2
Let k = 2248 - 597. Calculate the remainder when k is divided by 72.
67
Suppose 4*b + 3*q = 8*b - 529, -3*b + q + 388 = 0. Calculate the remainder when 448 is divided by b.
67
Let a(h) = h**3 + 130*h**2 + 573*h + 921. What is the remainder when a(-125) is divided by 55?
51
Calculate the remainder when (-12)/8*-4 + (9 + -5 - -3399) is divided by 155.
154
Let n = 128 + -80. Suppose 4*x - 3*x = 2*h - 27, 3*h - 4*x - 43 = 0. Suppose 2*y = h + 7. Calculate the remainder when n is divided by y.
8
Suppose 7*b = 14*b - 280. Let m = b + -32. Calculate the remainder when 37 is divided by m.
5
Let u(d) = -4*d - 19. Let a(f) = 10*f + 60. Let o(p) = 3*a(p) + 10*u(p). Calculate the remainder when o(-16) is divided by 51.
48
Suppose 0 = -0*r + 4*r + 16. Calculate the remainder when 166 is divided by (-68)/(-4) - (1 - r).
10
Let q = 127 - 0. What is the remainder when q is divided by (-2)/((-30)/(-115)*(13 + (-600)/45))?
12
Suppose 0 = -8*s + 3*s - 2*m - 285, 3*m - 114 = 2*s. Let o = s - -61. What is the remainder when 9 is divided by o?
1
Suppose -36*a + 112 = -48*a + 28*a. What is the remainder when 15 + -1*1 + -1 is divided by a?
6
Suppose -112 = -15*x + 22*x. What is the remainder when (-24)/x*(-700)/(-15) is divided by 12?
10
Let p(z) = z**3 - 10*z**2 + 15*z + 10. Let d be p(8). Suppose 3*h - 165 = -3*w, w - 224 = -3*w - d*h. What is the remainder when w is divided by 12?
9
Suppose -16*g + 2 = -14. Let r(i) = 143*i**3 - 4*i**2 + 5*i - 1. What is the remainder when r(g) is divided by 36?
35
Suppose 3*s + 5*r - 366 = 0, r - 2*r - 638 = -5*s. Suppose 5*k + s = 237. What is the remainder when k is divided by 7?
1
Let f = 256 + -161. Let k(q) = -q**3 + 3*q**2 - 2*q - 4. Let v be k(2). Calculate the remainder when f is divided by (-63)/v + 8/32.
15
Let m(q) = 2*q**2 - 83*q - 196. Calculate the remainder when ((-3)/(-36))/((-3)/(-99))*104 is divided by m(44).
22
Suppose -18*t - 11*t + 406 = 0. Suppose t*b - 788 - 332 = 0. What is the remainder when b is divided by 24?
8
Suppose 3*u + 2*p + p - 189 = 0, -u - 4*p + 63 = 0. Suppose 2*s = 4*f - 426, 175*f - s + 231 = 177*f. What is the remainder when f is divided by u?
48
Let t be (-1 - 2)*(-20)/(-12)*-5. Let r = 63 - t. Let q = 84 - r. Calculate the remainder when q is divided by 13.
7
Let a = 21 - 82. Let r = 65 + a. Suppose -5*p + 290 = 3*c - 7, -r*p + 4*c = -212. What is the remainder when p is divided by 30?
27
Let s(y) = y**3 - 32*y**2 - 39*y + 981. Calculate the remainder when s(37) is divided by 19.
18
Let j be (-1)/(-2 - -3) - -1. Let u(f) = 2*f**2 + f**3 + j + 2 - 3*f**2. What is the remainder when 3 is divided by u(1)?
1
Suppose 0 = -2*b + 205 + 403. What is the remainder when 26 is divided by (-32)/b + 384/38?
6
Let t(j) = -6*j - 2. Let b be (-4 - ((0 - 2) + -2))/(-2). Suppose -21*o + 11*o + 430 = b. Calculate the remainder when o is divided by t(-3).
11
Suppose 2*q - 3*o = 47, q + 4*o = o + 28. Suppose -5*p + 2*d = -135 + q, -5*d + 15 = 2*p. Let h = 76 - -61. What is the remainder when h is divided by p?
17
Let n(p) = 3*p - 87. Let t be n(17). What is the remainder when 83 is divided by 30/36 - 1014/t?
25
Suppose -680*t + 87*t + 11860 = 0. Let k = -21 + 51. Calculate the remainder when k is divided by t.
10
Let p = 2942 + -2915. Calculate the remainder when 234 is divided by p.
18
Let o = 10533 - 10418. Calculate the remai